t derivative of -9*i**2/2 + 4*i + 4. Calculate the remainder when n(-3) is divided by j(7).
15
Suppose -11 = -2*o + u, u = -3*o - o + 25. Let t(y) = y**3 + 6*y**2 - 2*y - 3. What is the remainder when t(-6) is divided by o?
3
Suppose 0*z + 53 = z. Let s = z - 31. Suppose j - 3*j + s = 0. Calculate the remainder when 31 is divided by j.
9
Suppose 2*a = 4*f + 12, -2*a + 6*f = 4*f - 14. What is the remainder when 36 is divided by a?
4
Let p = 25 - 18. Let u = p + -4. Calculate the remainder when (-1)/(-1*2/14) is divided by u.
1
Let r(k) = 4*k. Suppose -2*y - 25 = m + 2*y, y - 2 = 0. Let i = 63 + m. What is the remainder when i is divided by r(2)?
6
Suppose 0 = 4*g - 10 - 22. Suppose 0 = -f + 13 - 9. Suppose v + 22 = 5*h - 2*v, -f*v + 4 = 0. What is the remainder when g is divided by h?
3
Suppose -10*i + 30 = -7*i. Calculate the remainder when 97 is divided by i.
7
Let q = -13 + 23. What is the remainder when 38 is divided by q?
8
Suppose 4*j - 10 = 22. Suppose -j = -z - 0. Calculate the remainder when 29 is divided by z.
5
Let g(u) = u**3 - 10*u**2 - u + 12. Let i = -2 + 5. Suppose 5*y = 4*q - i*q + 8, -3*q - 4 = -5*y. Calculate the remainder when q is divided by g(10).
0
Let y(b) = 6*b**2 - b - 1. Calculate the remainder when 82 is divided by y(2).
19
Let k(s) = 7*s - 9 - 5*s**2 + 4*s**2 + 0*s. Let v be k(6). Calculate the remainder when v/(3/22*-1) is divided by 8.
6
Let y be (0 - (1 - 4)) + 0. Suppose g + 2*g - m - 121 = 0, y*g = 4*m + 115. What is the remainder when g is divided by 22?
19
Let t(j) = j**2 + 2*j - 7. Suppose 22 = -4*v + 3*o - 0*o, 2*o + 4 = 0. Suppose 4*u - 39 = 21. Calculate the remainder when t(v) is divided by u.
13
Let m = 20 + -5. What is the remainder when 57 is divided by m?
12
Suppose 4 - 5 = -c. Calculate the remainder when -2*-8*2/c is divided by -2 + 4 + 0 + 9.
10
Suppose -15 = -4*r + 45. What is the remainder when 38 is divided by r?
8
Let j be (6/(-7))/(2/(-14)). Let k = j + 4. What is the remainder when 18 is divided by k?
8
Suppose -5*p = 3*h - 5*h + 22, 3*h + 2*p = 14. Let s(f) = f**2 - 6*f + 7. Calculate the remainder when 20 is divided by s(h).
6
Let x(l) = -2*l**3 - 3*l**2 - 2*l - 1. Let b be x(-2). Suppose -4*s - 5*q + 65 = 0, -s - q + 24 = b. Calculate the remainder when 79 is divided by s.
19
Let d = 31 + 2. Let c = -117 - -129. Calculate the remainder when d is divided by c.
9
Suppose 0 = 2*q + 2, -t + 4*q + 6 + 31 = 0. Calculate the remainder when 129 is divided by t.
30
Let l = 12 - 7. Let j(m) = -m**2 - 9*m - 1. What is the remainder when j(-7) is divided by l?
3
Let c be (-2 - 2) + 6/1. Suppose -c*k = -3*k + 39. What is the remainder when k is divided by 11?
6
Suppose 4*b - 2*i - 20 = i, -4*b + 24 = -4*i. Suppose -q + 15 = b*q. Suppose -4*p + 3*p + 8 = 0. What is the remainder when p is divided by q?
3
Suppose -2*r + 2 = 2*i - 0, i = 4*r + 21. Suppose 0 = 2*d - 3*d + y + 8, -4*d - y = -37. Calculate the remainder when d is divided by i.
4
Let m(u) = 37*u + 1. Let q be m(1). Let v = -21 + q. Calculate the remainder when v is divided by 6.
5
Let h(o) = -o**3 - 3*o**2 - 2*o - 3. Let i be h(-4). Suppose 4*k - 7*k + i = 0. Calculate the remainder when 26 is divided by k.
5
Let a = 21 + -3. Let w = -96 + 136. Calculate the remainder when a is divided by w/6*(-3)/(-2).
8
Let f(j) = -j**3 - 9*j**2 - 10*j. Let t be f(-8). Suppose 2*r - 2*i = 0, 3*r - 12 = -2*i + i. What is the remainder when t/(-10)*(-6 + 1) is divided by r?
2
Suppose 3*w = 2*g + 121, 0*w + 2*w - 79 = 3*g. Calculate the remainder when w is divided by 11.
8
Let w(j) = j**2 - 3*j + 3. Let v = -74 - -115. Calculate the remainder when v is divided by w(-3).
20
Let b = -44 + 46. Calculate the remainder when 7 is divided by b.
1
Suppose 3*g + 1 = 4*g - 3*f, 4*g + 4*f - 52 = 0. Calculate the remainder when 18 is divided by g.
8
Suppose 2*x - 17 = -i, -x + 4*i - i + 5 = 0. Suppose 2*g - 127 = -3*g + 3*u, 0 = -5*g + 5*u + 135. What is the remainder when g is divided by x?
7
Suppose -124 = -14*x + 10*x. What is the remainder when (2/5)/((-1)/(-150)) is divided by x?
29
Suppose 23*k = 19*k + 280. Suppose 0 = -4*f + k + 150. Calculate the remainder when f is divided by 28.
27
Let i = -135 - -196. What is the remainder when i is divided by 9?
7
Suppose -4*v = 5*z - 502, 0 = -4*z - 10*v + 6*v + 404. What is the remainder when z is divided by 10?
8
Suppose q = 2*q + 5*m - 60, -3*m + 85 = 2*q. What is the remainder when q is divided by 3?
2
Let g(f) = -f + 10. Let j be 356/12 - 2/(-6). Let m = -19 + j. Calculate the remainder when m is divided by g(6).
3
Let q(t) = -5*t - 2 - 3 + 0. What is the remainder when q(-6) is divided by 9?
7
Let x be (-53)/(-11) - (-2)/11. Suppose 4*w + 6*c = x*c, -3*w = -3*c + 15. Let h(o) = 8*o**2 - o. What is the remainder when 25 is divided by h(w)?
7
Let h = 188 - 158. Calculate the remainder when h is divided by (-8)/(-1) + (0 - 0).
6
Suppose -v = v - 2*f - 6, -3*v - 5*f = -41. Suppose 0 = 3*z - 32 - v. Let c = -70 - -77. Calculate the remainder when z is divided by c.
6
Suppose 19 + 17 = 4*p - 4*a, 3*p - 4*a - 27 = 0. Let j = 14 - -12. What is the remainder when j is divided by p?
8
Suppose 5*l - 62 = -0*l + m, -3*l - 5*m = -54. Calculate the remainder when 87 is divided by l.
9
Suppose -45 = -5*q - 15. Suppose b + q = -a - 0, -5*a = -5*b - 70. Let t = 12 - b. What is the remainder when t is divided by 8?
6
Suppose -2*v + 5*o + 60 = 0, -3*v + 103 = 3*o - 4*o. What is the remainder when v is divided by 13?
9
Suppose 5*h + 2 = -3, 0 = 2*v - 4*h. What is the remainder when 13 is divided by (15/(-12))/(v/8)?
3
Let q(i) = i**2 + 6*i - 10. Let d be q(-7). Let b be 132/20 - d/(-5). Suppose -o + b = -0. What is the remainder when 11 is divided by o?
5
Let q(z) = z**2 - z. Calculate the remainder when q(8) is divided by 30.
26
Let t(c) = -c**3 + 5*c**2 + 10*c + 8. Calculate the remainder when t(5) is divided by 79/4 - 2/(-8).
18
Let j(i) = -6*i + 11*i + 9*i. What is the remainder when (18/(-4))/((-1)/6) is divided by j(1)?
13
Let g = 6 - 9. Suppose 2*n + 5 = 7*n. What is the remainder when (-2 - n)/(1/g) is divided by 5?
4
What is the remainder when (-8)/60*3*-80 is divided by (-77)/14*(-3 - -1)?
10
Let g(c) = -c - 3. Let x(i) = -i + 3. Let u be x(-8). Let r = u + -10. What is the remainder when g(-4) is divided by r?
0
Suppose -3*t + 0 = 3. Let g = 0 + t. Let n(i) = 39*i**2 - 1. What is the remainder when n(g) is divided by 13?
12
Suppose 0 = -5*t + 4*w + 23, 0 = -4*t - 3*w + 4 + 2. Let o = t - 0. Suppose o*b = b + 22. Calculate the remainder when 30 is divided by b.
8
Let w = 5 + -3. Suppose -5*g + w*z + 77 = 0, 30 = 2*g - 0*z - z. Calculate the remainder when g is divided by 6.
5
Suppose -6 = 3*z - 3*g - 30, -z = 4*g + 7. Let j(t) = -1 - 2*t - 6 + 4. What is the remainder when j(-8) is divided by z?
3
Suppose 4*z = 3*z + 6. What is the remainder when 21 is divided by z?
3
Suppose -4*d + 22 = -5*f + 4, -20 = -5*d + 5*f. Suppose 1 + 11 = 5*m - d*o, 2*o = 2*m - 6. Calculate the remainder when 23 is divided by 1/(m/22) + 1.
11
Suppose -42 = -5*l + 43. Calculate the remainder when l is divided by (-3)/(45/6)*-15.
5
Let y = 24 + -9. Suppose -25 = -3*n + 2. Calculate the remainder when y is divided by n.
6
Suppose -6 = -3*f, 2*f + 0*f - 40 = 2*h. Let w(r) = 16*r**2 - r. What is the remainder when w(-1) is divided by 4/(8/h)*-1?
8
Suppose 21 = -5*g + 86. Let c(q) = 2*q**3 - 6*q**2 + q + 2. Calculate the remainder when c(4) is divided by g.
12
Let h = 18 + 0. Calculate the remainder when (-2)/8 + (-282)/(-8) is divided by h.
17
Let w = -2 - -5. Suppose w*u = u. Suppose u = -3*i - 15 + 66. Calculate the remainder when 49 is divided by i.
15
Calculate the remainder when (-24)/18 - (660/(-9) - 0) is divided by 26.
20
Let v = -29 - -34. What is the remainder when (2/(-4))/((-1)/24) is divided by v?
2
Suppose 4*t + c - 3 = -4*c, -t - 3*c - 1 = 0. Suppose -v + 48 = t*v. Let l = 73 - 12. Calculate the remainder when l is divided by v.
13
Let a = -40 + 50. Calculate the remainder when 29/(-3)*(-3)/1 is divided by a.
9
Let x = -14 + 51. Suppose -x = -2*z + 41. Calculate the remainder when z is divided by 14.
11
Calculate the remainder when 19 is divided by ((-6)/4)/((-9)/60) - 4.
1
Calculate the remainder when 10 is divided by (2*-4)/2 + 11.
3
